
In base 9, what is 22501 + -2?
22488
In base 3, what is 202011 + -11?
202000
In base 12, what is 14 - 5?
b
In base 6, what is 202210 - -4?
202214
In base 13, what is 76 + 1?
77
In base 4, what is 13 - -10?
23
In base 9, what is -1202 - 2?
-1204
In base 3, what is -2101 - 102?
-2210
In base 13, what is -1 + -2304?
-2305
In base 5, what is 2023 - -10?
2033
In base 9, what is -1360 - 1?
-1361
In base 7, what is -3 - 601?
-604
In base 15, what is -355 + 4?
-351
In base 14, what is -32 + 5?
-2b
In base 5, what is 1022 - -41?
1113
In base 16, what is 55f - -5?
564
In base 7, what is -5 + 641?
633
In base 6, what is 520312 - 0?
520312
In base 13, what is -2 - -ab?
a9
In base 16, what is -3 - 21?
-24
In base 7, what is -4365 - 6?
-4404
In base 8, what is -3 + -23?
-26
In base 13, what is -2cc4 - 4?
-2cc8
In base 9, what is -6 - 173?
-180
In base 6, what is 121 + -11?
110
In base 16, what is 1 + -41?
-40
In base 4, what is -31 + 330?
233
In base 5, what is -2 - 23214?
-23221
In base 7, what is -4 - -364?
360
In base 5, what is -4 + 10104?
10100
In base 11, what is 86 - 4?
82
In base 10, what is 59 - -9?
68
In base 16, what is 16 + a?
20
In base 3, what is 1112102 - -1?
1112110
In base 6, what is -215 + 4?
-211
In base 2, what is 11 + 101100?
101111
In base 13, what is -160 + -2?
-162
In base 13, what is 27 + -6?
21
In base 4, what is 1 + 113311?
113312
In base 15, what is -55 + -9?
-5e
In base 10, what is 700 - 1?
699
In base 8, what is -45 - 42?
-107
In base 13, what is 1 + -9?
-8
In base 10, what is 4 - -145?
149
In base 5, what is 2 + -2340?
-2333
In base 12, what is 0 + 2bb?
2bb
In base 11, what is 88 + 0?
88
In base 12, what is 4 - -11a2?
11a6
In base 8, what is -130 + 4?
-124
In base 3, what is 10200 + 1220?
12120
In base 12, what is b6 - 0?
b6
In base 2, what is -1010101011011 + 11?
-1010101011000
In base 4, what is -1030 - 103?
-1133
In base 14, what is 3 - -a7?
aa
In base 14, what is -1b4 - -1a?
-198
In base 12, what is 309 + 3?
310
In base 9, what is -18240 + 3?
-18236
In base 3, what is -222 + -20020?
-21012
In base 4, what is -1 + 100?
33
In base 8, what is 13 + 221?
234
In base 7, what is 60 - 3?
54
In base 13, what is -173c + 2?
-173a
In base 4, what is 232 - -3102?
10000
In base 6, what is 405140 - -2?
405142
In base 15, what is 4 + 1?
5
In base 12, what is -4 + 64?
60
In base 15, what is -3 + 23?
20
In base 8, what is -262 + 26?
-234
In base 9, what is -2 - -2841?
2838
In base 10, what is 114 - 33?
81
In base 12, what is 5 + 30?
35
In base 16, what is 5d - -1?
5e
In base 6, what is -12 + 0?
-12
In base 5, what is -14 - -41?
22
In base 3, what is 1 - 221?
-220
In base 15, what is 123 + 2?
125
In base 11, what is -3 - -67?
64
In base 10, what is 4 - 18?
-14
In base 5, what is -320 - 2?
-322
In base 16, what is -1 - 11?
-12
In base 10, what is -14 + -390?
-404
In base 12, what is 5 - -187?
190
In base 9, what is 2 - -1011?
1013
In base 12, what is 3 - 33?
-30
In base 15, what is -1 + c42?
c41
In base 12, what is -1 - -494?
493
In base 2, what is -10100100 + -101?
-10101001
In base 10, what is 258 + -37?
221
In base 5, what is 32 + 24?
111
In base 16, what is -7 - 4?
-b
In base 6, what is 3451 + 13?
3504
In base 14, what is 2 - 2a?
-28
In base 16, what is -a580 + 4?
-a57c
In base 4, what is -3 - -1232?
1223
In base 10, what is 4 - 114?
-110
In base 11, what is 5 + 34?
39
In base 5, what is -1302 + -2?
-1304
In base 5, what is 10024 - -11?
10040
In base 5, what is 10 - 21?
-11
In base 15, what is 24 - -2?
26
In base 6, what is -5 + -23?
-32
In base 10, what is 283 - 0?
283
In base 9, what is -6 + -313?
-320
In base 15, what is -22 - -3?
-1e
In base 6, what is -133 - -12?
-121
In base 11, what is -9a3 - -2?
-9a1
In base 6, what is 4353 + 2?
4355
In base 8, what is 4 + 1715?
1721
In base 9, what is 140 + 41?
181
In base 16, what is 0 - 4c?
-4c
In base 5, what is -1 - -20?
14
In base 12, what is -2413 - -4?
-240b
In base 8, what is -55 - -4?
-51
In base 5, what is -4010 - -12?
-3443
In base 9, what is -216 - 5?
-222
In base 10, what is 3214 + -3?
3211
In base 5, what is 4 + -21?
-12
In base 3, what is 10111 + 10?
10121
In base 15, what is -183 + -15?
-198
In base 10, what is 5557 - 4?
5553
In base 12, what is -2b + -270?
-29b
In base 8, what is -213 - 3?
-216
In base 12, what is -3 - 113?
-116
In base 4, what is 11 + -2000?
-1323
In base 6, what is -1 + 13310?
13305
In base 13, what is -23a + 3?
-237
In base 13, what is 2 - 17?
-15
In base 11, what is -3 + -134?
-137
In base 5, what is -30042 - -1?
-30041
In base 3, what is -2110000 + -12?
-2110012
In base 13, what is c09 - 2?
c07
In base 6, what is 2552 + -35?
2513
In base 8, what is -3 + 4?
1
In base 6, what is -3 - -22?
15
In base 4, what is -13 - -11010?
10331
In base 7, what is 115 - -16?
134
In base 8, what is 44 + 124?
170
In base 5, what is -10 + 321?
311
In base 15, what is 11 - 6?
a
In base 10, what is -651 - -5?
-646
In base 15, what is 54a - 2?
548
In base 12, what is 5 + 157?
160
In base 2, what is 11100000011 - -1?
11100000100
In base 14, what is 373 + -1?
372
In base 8, what is -6360 - -2?
-6356
In base 8, what is 1 - 735?
-734
In base 12, what is -139 - -a?
-12b
In base 6, what is -325 - -100?
-225
In base 13, what is 43 - -5?
48
In base 9, what is -173 - -86?
-76
In base 7, what is -30 + 15?
-12
In base 7, what is 122 + 1?
123
In base 4, what is 2 + 1110?
1112
In base 13, what is -3 + 25?
22
In base 9, what is -2422 - -4?
-2417
In base 10, what is -268 + -2?
-270
In base 10, what is -3 - 293?
-296
In base 11, what is -5 + -291?
-296
In base 6, what is -40 + 3?
-33
In base 11, what is -4470 - 0?
-4470
In base 9, what is 85 + -53?
32
In base 14, what is -7cd + -4?
-7d3
In base 3, what is -12 - -1102100?
1102011
In base 6, what is 3 + 11?
14
In base 12, what is 3 + 1b?
22
In base 11, what is 3 - -16?
19
In base 12, what is 122a + -1?
1229
In base 12, what is 2 + -24?
-22
In base 12, what is 47 - -5b?
a6
In base 13, what is -4c1 - 4?
-4c5
In base 6, what is -2 - -113?
111
In base 15, what is -5de - -3?
-5db
In base 13, what is -1 + -26?
-27
In base 8, what is -1222 + 0?
-1222
In base 5, what is -223103 - 2?
-223110
In base 14, what is 6 - 1467?
-1461
In base 3, what is -201 + -112?
-1020
In base 12, what is -3 - 49?
-50
In base 13, what is -26 - 1a?
-43
In base 6, what is 5011 + 0?
5011
In base 14, what is -b - 3c?
-49
In base 12, what is -24 - -4?
-20
In base 7, what is 23 - -6?
32
In base 11, what is 618 + -5?
613
In base 9, what is -3 + -303?
-306
In base 16, what is 16 + 22?
38
In base 5, what is -10 - 13442?
-14002
In base 12, what is 46 - -16?
60
In base 13, what is 0 + -11?
-11
In base 10, what is 2 + -50?
-48
In base 13, what is -2 - -53?
51
In base 5, what is -1133 - 3?
-1141
In base 15, what is -3 + 149?
146
In base 8, what is 321 + 1?
322
In base 15, what is -21 - -1c?
-4
In base 2, what is 1001 - -1100101?
1101110
In base 14, what is -4 - -364?
360
In base 8, what is -413 - 0?
-413
In base 10, what is 0 + -913?
-913
In base 4, what is -222 + -10?
-232
In base 14, what is -c2 + 5?
-bb
In base 12, what is -1 - -4a7?
4a6
In base 2, what is 0 - -111101011?
111101011
In base 4, what is 10 + -13312?
-13302
In base 4, what is -321 + 11?
-310
In base 12, what is 36a6 + 5?
36ab
In base 10, what is 102 - -12?
114
In base 7, what is -65333 - -4?
-65326
In base 4, what is -3302 + 0?
-3302
In base 16, what is 1211 + 0?
1211
In base 16, what is -1f + -62?
-81
In base 15, what is 15dc + 1?
15dd
In base 6, what is 1413 - 2?
1411
In base 15, what is 2 - 43?
-41
In base 10, what is 9 - 6?
3
In base 5, what is -10 + 141?
131
In base 13, what is -2 - -1076?
1074
In base 4, what is -1023 + -2?
-1031
In base 13, what is -86 + -73?
-129
In base 10, what is 2059 + -2?
2057
In base 7, what is 1623 + -2?
1621
In base 7, what is -1 - -431?
430
In base 7, what is -3 + -10644?
-10650
In base 2, what is -100 + 10101100?
10101000
In base 5, what is 2 + 1404?
1411
In base 7, what is -3 + -1234?
-1240
In base 11, what is -774 - 0?
-774
In base 2, what is 100111 - -100?
101011
In base 10, what is -3366 - -2?
-3364
In base 6, what is 25452 - 2?
25450
In base 14, what is 0 + -2a3?
-2a3
In base 5, what is -10 + 12220?
12210
In base 10, what is 2 + 16?
18
In base 15, what is -11e - -2?
-11c
In base 13